03. What is w(-1701)?
8
Let s(p) = -6*p**2 - 305*p + 3298. Calculate s(-60).
-2
Let f(w) = 365*w - 9870. Determine f(27).
-15
Let q(r) = -209093*r - 209069. Give q(-1).
24
Let v(w) = 2146*w + 25641. Calculate v(-12).
-111
Let g(o) = 1467*o**2 + 17862*o + 21. What is g(-12)?
-3075
Let h(z) = 2*z**3 + 306*z**2 + 620*z + 620. What is h(-151)?
-1796
Let j(d) = 61323*d - 367916. What is j(6)?
22
Let d(h) = -690*h**2 + 76*h + 96. Calculate d(-1).
-670
Let c(p) = 5774*p + 548541. What is c(-95)?
11
Let d(y) = 256*y + 15945. Determine d(-59).
841
Let k(s) = 766*s**2 - 5877*s + 25. Calculate k(8).
2033
Let f(k) = 6367*k + 44549. Give f(-7).
-20
Let s(u) = 14*u**3 + 658*u**2 - 33*u - 1538. Give s(-47).
13
Let w(g) = -24587*g + 73151. What is w(3)?
-610
Let s(m) = -3*m**3 + 1245*m**2 - 1187*m - 22581. Calculate s(414).
189
Let g(l) = -45239*l - 859545. What is g(-19)?
-4
Let v(n) = -5*n**2 + 4445*n - 471081. What is v(123)?
9
Let s(u) = -u**2 + 474*u + 26867. Give s(525).
92
Let i(r) = 43097*r - 12196445. Give i(283).
6
Let h(o) = 19*o**2 - 786*o + 3445. Give h(37).
374
Let f(d) = 3*d**3 - 87*d**2 - 388*d + 11248. What is f(29)?
-4
Let v(n) = -126*n**2 + 2909*n - 238. Give v(23).
15
Let j(x) = 12*x**2 - 876*x - 228. Calculate j(73).
-228
Let w(c) = -234*c - 13575. What is w(-59)?
231
Let s(g) = -25*g**3 + 5*g**2 + 551*g - 2244. Give s(4).
-1560
Let y(a) = -25*a + 1972. What is y(82)?
-78
Let r(h) = -7*h**3 + 274*h**2 + 249*h + 78. Give r(40).
438
Let t(k) = k**3 - 121*k**2 + 311*k - 8688. Give t(119).
-1
Let k(h) = -80*h**2 + 61*h + 327. Calculate k(-4).
-1197
Let w(x) = x**3 - 374*x**2 + 17542*x + 979. What is w(319)?
22
Let q(x) = 7879*x + 63186. Give q(-8).
154
Let s(j) = -62*j**2 + 721*j + 4247. Give s(-6).
-2311
Let m(o) = -58*o + 13273. Determine m(231).
-125
Let o(d) = -1856*d + 18346. Determine o(10).
-214
Let n(g) = 105*g + 8397. Determine n(-77).
312
Let h(v) = -2*v**3 + 10*v**2 - 1220*v + 20595. Determine h(14).
-13
Let m(r) = -39174*r + 861780. Give m(22).
-48
Let z(s) = s**3 + 247*s**2 + 47021*s + 11832237. Give z(-249).
6
Let i(j) = -3*j**3 - 66*j**2 + 12*j + 378. Give i(-22).
114
Let h(i) = 3290*i + 151416. Calculate h(-46).
76
Let a(i) = 50*i**2 + 1422*i - 75. Give a(-30).
2265
Let z(x) = 75*x**2 + 8162*x + 53472. Give z(-7).
13
Let a(t) = 23*t**2 - 7515*t + 5537. Give a(326).
-5
Let j(r) = r**3 + 23*r**2 - 197*r + 325. Give j(-30).
-65
Let n(d) = 2073*d - 21491. Give n(10).
-761
Let u(k) = k**3 - 68*k**2 - 373*k + 182. Determine u(73).
-402
Let g(n) = 28*n - 1091. What is g(16)?
-643
Let r(y) = 2*y**3 - 68*y**2 - 74*y - 2. Calculate r(35).
-142
Let o(a) = 4766*a + 47548. Determine o(-10).
-112
Let i(y) = -11159*y + 591433. Determine i(53).
6
Let s(n) = 5*n**3 + 244*n**2 + 425*n - 44. Calculate s(-47).
-138
Let y(s) = 6*s**3 - 134*s**2 + 35*s + 218. Calculate y(22).
20
Let m(h) = -3637*h + 29203. Calculate m(8).
107
Let x(y) = y**2 + 80677*y - 726196. Calculate x(9).
-22
Let m(i) = 14265*i + 684743. What is m(-48)?
23
Let d(p) = 86*p + 5846. Calculate d(-69).
-88
Let x(z) = 22684*z - 1474460. Give x(65).
0
Let y(d) = -63*d + 3532. What is y(17)?
2461
Let b(p) = -4019*p**2 + 96483*p - 53. Give b(24).
595
Let a(h) = -h**3 - 5*h**2 + 20*h - 136. Determine a(-10).
164
Let f(z) = 3*z**3 + 77*z**2 - 288*z - 72. Determine f(-29).
-130
Let a(o) = 1575*o - 765483. What is a(486)?
-33
Let v(m) = -m**2 + 69*m - 1228. Determine v(33).
-40
Let l(r) = -6*r**3 + 51*r**2 + 16*r + 8. Calculate l(9).
-91
Let a(t) = -153*t**2 - 483*t + 359. Give a(-4).
-157
Let x(h) = 2*h**2 + 19050*h + 57136. Calculate x(-3).
4
Let n(a) = -441481*a - 1324442. Calculate n(-3).
1
Let o(s) = -8*s**2 + 343*s + 30. Give o(43).
-13
Let l(v) = v**2 - 2500*v + 396097. What is l(170)?
-3
Let m(g) = g**3 + 45*g**2 - 50*g - 2180. Determine m(-45).
70
Let x(u) = 2*u**3 - 85*u**2 - 93*u + 5515. Determine x(42).
-155
Let d(r) = 6144*r + 24867. What is d(-4)?
291
Let b(r) = 213*r - 28070. What is b(132)?
46
Let d(o) = -1235*o**2 - 68*o + 73. Calculate d(-1).
-1094
Let u(q) = q**2 - 330*q - 9311. What is u(356)?
-55
Let f(v) = -6345*v + 418679. Give f(66).
-91
Let j(p) = 248908*p + 1244388. Calculate j(-5).
-152
Let y(a) = -7734*a + 1918035. What is y(248)?
3
Let h(m) = -m**2 - 53*m - 405. What is h(-10)?
25
Let p(d) = 20*d**3 + 40*d**2 - 47*d - 150. Determine p(-3).
-189
Let o(s) = -s**2 - 343*s + 18317. What is o(46)?
423
Let m(o) = -5944*o + 41011. Calculate m(7).
-597
Let b(s) = -50*s - 5173. Calculate b(-93).
-523
Let m(z) = 2077*z + 29119. Determine m(-14).
41
Let i(k) = -21*k**2 + 4565*k - 1780. Calculate i(217).
-44
Let t(b) = b**3 + 166*b**2 - 1950*b - 615. Calculate t(-177).
-84
Let m(f) = -f**2 + 1426*f - 180008. Determine m(140).
32
Let p(r) = r**2 - 10961*r - 950084. Give p(-86).
-42
Let m(x) = -101*x - 482. Determine m(0).
-482
Let d(h) = 26*h**2 + 16261*h. Give d(0).
0
Let h(w) = 17*w**2 - 4898*w + 20089. Give h(284).
209
Let q(w) = -w**2 - 2563*w + 18029. Determine q(7).
39
Let g(t) = -t**3 + 546*t**2 + 4946*t - 69. Determine g(-9).
372
Let b(x) = 7595*x + 14847. Calculate b(-2).
-343
Let y(r) = 84*r**2 + 63*r - 50920. Determine y(-25).
5
Let v(t) = 811*t - 1424931. Calculate v(1757).
-4
Let l(x) = 2052*x - 1399461. Calculate l(682).
3
Let i(y) = -y**3 - 47*y**2 - 31*y + 148. Calculate i(-47).
1605
Let h(y) = -15*y**2 + 93*y + 378. Calculate h(-5).
-462
Let t(g) = 39*g**2 - 586*g - 586. Calculate t(16).
22
Let t(u) = -u**3 - 8*u**2 + 21*u - 26. Give t(-12).
298
Let i(s) = -3*s**3 + 501*s**2 - 506*s + 1377. What is i(166)?
49
Let t(x) = 23780*x + 1401. Determine t(0).
1401
Let u(h) = -1450606*h - 11604897. Calculate u(-8).
-49
Let d(v) = -8629*v + 172769. What is d(20)?
189
Let j(f) = -696*f**2 - 187910*f + 2703. Determine j(-270).
3
Let c(g) = 2*g**3 + 82*g**2 - 441*g + 858. Calculate c(-46).
-16
Let g(h) = 134925*h + 674627. Give g(-5).
2
Let f(s) = 3*s**3 - 40*s**2 - 243*s + 8. What is f(-5)?
-152
Let u(b) = -5*b**2 - 8774*b - 409608. Calculate u(-48).
24
Let d(y) = -y**3 + 141*y**2 - 334*y + 27271. Give d(140).
111
Let n(r) = r**3 + 44*r**2 - 220*r - 7841. Determine n(-45).
34
Let h(c) = -c**3 + 185*c**2 - 2397*c + 504. Give h(171).
-9
Let x(o) = -o**2 + 10604*o + 223327. Calculate x(-21).
202
Let m(o) = -1176*o - 8036. What is m(-6)?
-980
Let i(m) = -32979*m + 3462798. Determine i(105).
3
Let q(g) = 13*g**2 - 246*g - 1914. What is q(-6)?
30
Let h(k) = 17969*k + 7546965. Determine h(-420).
-15
Let m(s) = -3*s**3 - 112*s**2 - 1024*s + 338. What is m(-20)?
18
Let h(y) = 304*y**2 - 11255*y + 150. Determine h(37).
-109
Let x(s) = 11*s**2 + 139*s + 229. Give x(-17).
1045
Let v(a) = 7*a - 187. Calculate v(52).
177
Let v(t) = -26*t**2 + 3216*t + 17785. Give v(129).
-17
Let y(w) = 3*w**3 - 31*w**2 - 341*w + 205. Give y(17).
188
Let u(g) = -377*g - 28630. Calculate u(-76).
22
Let k(j) = -1325*j**2 + 8095*j - 115. Give k(6).
755
Let q(h) = 51*h + 3870. Calculate q(-53).
1167
Let v(l) = 10*l**3 + 1410*l**2 + 46*l + 6478. What is v(-141)?
-8
Let h(m) = -95*m + 4889. What is h(52)?
-51
Let s(c) = -c**3 + 16*c**2 + 155*c - 2519. Calculate s(13).
3
Let j(p) = 10544*p + 21150. Determine j(-2).
62
Let u(o) = 129*o + 20691. Determine u(-159).
180
Let n(v) = -31*v**3 - 418*v**2 + 187*v - 527. Determine n(-14).
-9
Let y(r) = -23*r + 1374. What is y(124)?
-1478
Let z(i) = -233*i**2 - 4*i - 41. What is z(2)?
-981
Let g(f) = 13*f**3 - 328*f**2 - 1644*f - 101. Determine g(-5).
-1706
Let y(x) = -1016*x + 42. What is y(1)?
-974
Let b(y) = 2*y**2 + 2335*y - 33017. Calculate b(14).
65
Let y(j) = -25393*j + 456918. Give y(18).
-156
Let n(p) = p**3 + 48*p**2 - 96*p - 2055. Calculate n(-49).
248
Let r(b) = -607*b + 2269. Give r(4).
-159
Let n(w) = 2*w**2 + 95*w - 493. Determine n(17).
1700
Let v(u) = 33*u**2 - 4825*u - 3817. Determine v(147).
5
Let u(k) = 2030622*k + 8122508. Determine u(-4).
20
Let i(l) = -57*l + 941. Calculate i(-5).
1226
Let a(q) = -q**3 - 4*q**2 - 33*q - 285. Calculate a(-7).
93
Let j(u) = 29*u**2 - 2432*u - 496. Calculate j(84).
-160
Let b(p) = p**2 - 25182*p - 579704. Calculate b(-23).
11
Let b(q) = -q**2 + 43540*q - 348247. What is b(8)?
9
Let w(l) = -4*l**3 - 19*l**2 - 10*l + 19. Determine w(3).
-290
Let j(z) = -131*z**2 + 2000*z - 560. Calculate j(15).
-35
Let y(r) = r*